{"id":13917,"date":"2025-05-20T06:39:29","date_gmt":"2025-05-20T04:39:29","guid":{"rendered":"https:\/\/snsb.de\/termin\/glanzlichter-der-naturfotografie-in-bamberg\/"},"modified":"2025-05-20T06:40:11","modified_gmt":"2025-05-20T04:40:11","slug":"glanzlichter-der-naturfotografie-in-bamberg","status":"publish","type":"termin","link":"https:\/\/snsb.de\/en\/termin\/glanzlichter-der-naturfotografie-in-bamberg\/","title":{"rendered":"Glanzlichter der Naturfotografie in Bamberg"},"content":{"rendered":"\n<p>Auch in diesem Jahr zeigt das Naturkundemuseum Bamberg wieder die Gewinnerbilder der 27. Ausgabe des internationalen Wettbewerbs \u201eGlanzlichter der Naturfotografie\u201c in Form einer Sonderausstellung. Der renommierte Wettbewerb, der seit 1999 faszinierende, ber\u00fchrende und spektakul\u00e4re Aufnahmen aus der ganzen Welt pr\u00e4miert, hat erneut herausragende Bilder ausgezeichnet. Mit knapp 23.000 Bildeinsendungen von 949 Fotografen und Fotografinnen aus 35 L\u00e4ndern unterstreicht der Wettbewerb die ungebrochene Faszination f\u00fcr die Naturfotografie und unseren Planeten Erde weltweit. Die preisgekr\u00f6nten Aufnahmen bestechen durch ihre \u00e4sthetische Kraft, ihre<br>erz\u00e4hlerische Tiefe und ihren technischen Anspruch.<\/p>\n\n\n\n<p><strong>Wettbewerb in neuen H\u00e4nden<br><\/strong>Unter der diesj\u00e4hrigen neuen Leitung von Florian und Lisa Marie Smit, wird der durch Mara Fuhrmann ins Leben gerufene Fotowettbewerb verantwortungsbewusst und mit voller Leidenschaft weitergef\u00fchrt. Ein paar Dinge wurden bereits ver\u00e4ndert und modernisiert, und schon jetzt zeigen die kleinen Anpassungen Wirkung: In diesem Jahr wurde ein neuer Rekord bei den Bildeinsendungen aufgestellt. Die Teilnehmerzahlen erreichten ebenfalls den h\u00f6chstens Wert seit 2019. Und auch in den Sozialen Medien wurden in wenigen Wochen \u00fcber 1.500 Personen auf den Wettbewerb aufmerksam und folgten den Kan\u00e4len. Damit geh\u00f6ren die Glanzlichter zu den drei gr\u00f6\u00dften Naturfotowettbewerben Europas. Weitere Anpassungen werden noch schrittweise folgen, aber der Grundgedanke des Wettbewerbes bleibt bestehen: ehrliche und echte Naturfotografie. Die ausgezeichneten Werke zeigen nicht nur die Sch\u00f6nheit der Natur, sondern r\u00fccken auch den respektvollen Umgang mit ihr in den Fokus.<\/p>\n\n\n\n<h2 class=\"wp-block-heading\">Ausstellungsort<\/h2>\n\n\n\n<p>Naturkunde-Museum Bamberg<br>Fleischstr. 2<br>96047 Bamberg<br>Tel.: 0951 8631249<br>Fax: 0951 8631250<br>E-mail: <a href=\"mailto:info@naturkundemuseum-bamberg.de\">info@naturkundemuseum-bamberg.de<\/a><\/p>\n","protected":false},"excerpt":{"rendered":"<p>Auch in diesem Jahr zeigt das Naturkundemuseum Bamberg wieder die Gewinnerbilder der 27. Ausgabe des internationalen Wettbewerbs \u201eGlanzlichter der Naturfotografie\u201c in Form einer Sonderausstellung. Der renommierte Wettbewerb, der seit 1999 faszinierende, ber\u00fchrende und spektakul\u00e4re Aufnahmen aus der ganzen Welt pr\u00e4miert, hat erneut herausragende Bilder ausgezeichnet. Mit knapp 23.000 Bildeinsendungen von 949 Fotografen und Fotografinnen aus [&hellip;]<\/p>\n","protected":false},"author":4,"featured_media":13915,"parent":0,"template":"","meta":{"_acf_changed":true},"termin-category":[802],"veranstaltungsort":[846],"class_list":["post-13917","termin","type-termin","status-publish","has-post-thumbnail","hentry","termin-category-ausstellung-en","veranstaltungsort-naturkunde-museum-bamberg-en"],"acf":[],"_links":{"self":[{"href":"https:\/\/snsb.de\/en\/wp-json\/wp\/v2\/termin\/13917","targetHints":{"allow":["GET"]}}],"collection":[{"href":"https:\/\/snsb.de\/en\/wp-json\/wp\/v2\/termin"}],"about":[{"href":"https:\/\/snsb.de\/en\/wp-json\/wp\/v2\/types\/termin"}],"author":[{"embeddable":true,"href":"https:\/\/snsb.de\/en\/wp-json\/wp\/v2\/users\/4"}],"wp:featuredmedia":[{"embeddable":true,"href":"https:\/\/snsb.de\/en\/wp-json\/wp\/v2\/media\/13915"}],"wp:attachment":[{"href":"https:\/\/snsb.de\/en\/wp-json\/wp\/v2\/media?parent=13917"}],"wp:term":[{"taxonomy":"termin-category","embeddable":true,"href":"https:\/\/snsb.de\/en\/wp-json\/wp\/v2\/termin-category?post=13917"},{"taxonomy":"veranstaltungsort","embeddable":true,"href":"https:\/\/snsb.de\/en\/wp-json\/wp\/v2\/veranstaltungsort?post=13917"}],"curies":[{"name":"wp","href":"https:\/\/api.w.org\/{rel}","templated":true}]}}

<p>Auch in diesem Jahr zeigt das Naturkundemuseum Bamberg wieder die Gewinnerbilder der 27. Ausgabe des internationalen Wettbewerbs „Glanzlichter der Naturfotografie“ in Form einer Sonderausstellung. Der renommierte Wettbewerb, der seit 1999 faszinierende, berührende und spektakuläre Aufnahmen aus der ganzen Welt prämiert, hat erneut herausragende Bilder ausgezeichnet. Mit knapp 23.000 Bildeinsendungen von 949 Fotografen und Fotografinnen aus 35 Ländern unterstreicht der Wettbewerb die ungebrochene Faszination für die Naturfotografie und unseren Planeten Erde weltweit. Die preisgekrönten Aufnahmen bestechen durch ihre ästhetische Kraft, ihre<br>erzählerische Tiefe und ihren technischen Anspruch.</p>



<p><strong>Wettbewerb in neuen Händen<br></strong>Unter der diesjährigen neuen Leitung von Florian und Lisa Marie Smit, wird der durch Mara Fuhrmann ins Leben gerufene Fotowettbewerb verantwortungsbewusst und mit voller Leidenschaft weitergeführt. Ein paar Dinge wurden bereits verändert und modernisiert, und schon jetzt zeigen die kleinen Anpassungen Wirkung: In diesem Jahr wurde ein neuer Rekord bei den Bildeinsendungen aufgestellt. Die Teilnehmerzahlen erreichten ebenfalls den höchstens Wert seit 2019. Und auch in den Sozialen Medien wurden in wenigen Wochen über 1.500 Personen auf den Wettbewerb aufmerksam und folgten den Kanälen. Damit gehören die Glanzlichter zu den drei größten Naturfotowettbewerben Europas. Weitere Anpassungen werden noch schrittweise folgen, aber der Grundgedanke des Wettbewerbes bleibt bestehen: ehrliche und echte Naturfotografie. Die ausgezeichneten Werke zeigen nicht nur die Schönheit der Natur, sondern rücken auch den respektvollen Umgang mit ihr in den Fokus.</p>



<h2 class="wp-block-heading">Ausstellungsort</h2>



<p>Naturkunde-Museum Bamberg<br>Fleischstr. 2<br>96047 Bamberg<br>Tel.: 0951 8631249<br>Fax: 0951 8631250<br>E-mail: <a href="mailto:info@naturkundemuseum-bamberg.de">info@naturkundemuseum-bamberg.de</a></p>

<p>Auch in diesem Jahr zeigt das Naturkundemuseum Bamberg wieder die Gewinnerbilder der 27. Ausgabe des internationalen Wettbewerbs „Glanzlichter der Naturfotografie“ in Form einer Sonderausstellung. Der renommierte Wettbewerb, der seit 1999 faszinierende, berührende und spektakuläre Aufnahmen aus der ganzen Welt prämiert, hat erneut herausragende Bilder ausgezeichnet. Mit knapp 23.000 Bildeinsendungen von 949 Fotografen und Fotografinnen aus [&hellip;]</p>
